{"id":5639,"date":"2026-03-26T17:33:00","date_gmt":"2026-03-26T16:33:00","guid":{"rendered":"https:\/\/icp.novama.cz\/akce\/%d0%b2%d0%b5%d0%b1%d0%b8%d0%bd%d0%b0%d1%80-%d0%bf%d0%be%d1%81%d1%82%d1%83%d0%bf%d0%bb%d0%b5%d0%bd%d0%b8%d0%b5-%d0%b2-%d1%81%d1%80%d0%b5%d0%b4%d0%bd%d1%8e%d1%8e-%d1%88"},"modified":"2026-03-27T08:18:05","modified_gmt":"2026-03-27T07:18:05","slug":"na-vylet-s-icp","status":"publish","type":"akce","link":"https:\/\/icpraha.com\/ru\/akce\/na-vylet-s-icp","title":{"rendered":"Na v\u00fdlet s ICP: N\u00e1v\u0161t\u011bva N\u00e1rodn\u00edho h\u0159eb\u010d\u00edna Kladruby nad Labem a v\u00fdlet pod\u00e9l Opatovick\u00e9ho kan\u00e1lu"},"content":{"rendered":"\n<p><em>Hlavn\u00edm c\u00edlem na\u0161eho v\u00fdletu bude exkurze do h\u0159eb\u010d\u00edna Kladruby nad Labem, v r\u00e1mci kter\u00e9ho se v\u00edce ne\u017e 400 let chovaj\u00ed starokladrub\u0161t\u00ed kon\u011b \u2013 nejstar\u0161\u00ed p\u016fvodn\u00ed \u010desk\u00e9 plemeno kon\u00ed, kter\u00e9 bylo z\u0159ejm\u011b jako jedin\u00e9 plemeno na sv\u011bt\u011b vy\u0161lecht\u011bno pro ta\u017een\u00ed ko\u010d\u00e1r\u016f c\u00edsa\u0159\u016f, kr\u00e1l\u016f a c\u00edrkvevn\u00edch hodnost\u00e1\u0159\u016f. Po ob\u011bd\u011b se projdeme kolem Opatovick\u00e9ho kan\u00e1lu a sezn\u00e1m\u00edme se s histori\u00ed tohoto st\u0159edov\u011bk\u00e9ho vodn\u00edho d\u00edla. <\/em><\/p>\n\n<p><strong>Sraz: <\/strong>Praha, Hlavn\u00ed n\u00e1dra\u017e\u00ed p\u0159ed \u010cD Centrem (pokladny \u010cesk\u00fdch drah) v 8:45 hod. Odjezd v 8:58 hod. rychl\u00edkem R 18 sm\u011br Luha\u010dovice, p\u0159estup ve stanici Kol\u00edn.  <\/p>\n\n<p><strong>Trasa:<\/strong> \u0158e\u010dany nad Labem \u2013 Kladruby nad Labem \u2013 Sem\u00edn \u2013 P\u00edse\u010dn\u00fd p\u0159esyp Sem\u00edn \u2013 Sem\u00ednsk\u00fd akvadukt \u2013 Slav\u00edkovy ostrovy \u2013 P\u0159elou\u010d \u2013 cca 13 km<\/p>\n\n<p><strong>Program:<\/strong> Prohl\u00eddka N\u00e1rodn\u00edho h\u0159eb\u010d\u00edna Kladruby od 11:00 hod.<\/p>\n\n<p><strong>Ob\u011bd:<\/strong>C\u00edsa\u0159sk\u00fd hostinec cca od 13:15 hod.<\/p>\n\n<p><strong>N\u00e1vrat:<\/strong> Z P\u0159elou\u010de, odjezd rychl\u00edkem v 17:09 hod. nebo 18:09 hod., p\u0159\u00edjezd Praha Hlavn\u00ed n\u00e1dra\u017e\u00ed v 18:08 hod. nebo 19:08 hod.<\/p>\n\n<p><strong>Vstupn\u00e9: <\/strong>H\u0159eb\u010d\u00edn Kladruby:<\/p>\n\n<p>Dosp\u011bl\u00ed &#8212; 450 K\u010d<\/p>\n\n<p>D\u011bti, studenti do 26 let a senio\u0159i nad 65 let &#8212; 300 K\u010d<\/p>\n\n<p><strong>J\u00edzdn\u00e9: <\/strong><\/p>\n\n<p>Cesta tam: Cestuj\u00edc\u00ed s jednotlivou nebo p\u0159edplatn\u00ed j\u00edzdenkou pro Prahu si koupuj\u00ed PID j\u00edzdenku na 10 vn\u011bj\u0161\u00edch p\u00e1sem za 120 K\u010d. Cestuj\u00edc\u00ed bez j\u00edzdenky pro Prahu si kupuj\u00ed j\u00edzdenku na 3 pra\u017esk\u00e1 a 10 vn\u011bj\u0161\u00edch p\u00e1sem, tj. na 13 p\u00e1sem za 156 K\u010d.  <\/p>\n\n<p>Cesta zp\u011bt: Bude t\u0159eba koupit stejn\u00e9 j\u00edzdn\u00e9 jako na cestu tam.<\/p>\n\n<p><em>Upozorn\u011bn\u00ed: Zde uveden\u00e9 ceny j\u00edzdn\u00e9ho plat\u00ed pro n\u00e1kup j\u00edzdenky p\u0159es aplikaci PID L\u00edta\u010dka. Ceny j\u00edzdenky nakupovan\u00e9 na pokladn\u00e1ch budou vy\u0161\u0161\u00ed. <\/em><\/p>\n\n<p><strong>S sebou: <\/strong>Turistick\u00e9 oble\u010den\u00ed a obuv<\/p>\n\n<p><strong>V\u00fdlet je vhodn\u00fd pro d\u011bti od 8 let v\u011bku. Nen\u00ed vhodn\u00fd pro osoby se zhor\u0161enou schopnost\u00ed pohybu a orientace. <\/strong><\/p>\n\n<p> Konverzace b\u011bhem v\u00fdletu bude prob\u00edhat v \u010de\u0161tin\u011b. V\u00fdlet je ur\u010den\u00fd pro ty, kte\u0159\u00ed ji\u017e maj\u00ed pokro\u010dilou znalost \u010de\u0161tiny a dok\u00e1\u017e\u00ed v \u010de\u0161tin\u011b v\u00e9st diskuze. <\/p>\n\n<p>V\u00fdletem v\u00e1s provede dobrovoln\u00edk Milan Kasim\u00edr. Poch\u00e1z\u00ed z Prahy, zaj\u00edm\u00e1 ho t\u00e9ma integrace cizinc\u016f a r\u00e1d diskutuje o \u010desk\u00e9 kultu\u0159e a p\u0159ed\u00e1v\u00e1 sv\u00e9 znalosti o \u017eivot\u011b v \u010cR. Ve voln\u00e9m \u010dase r\u00e1d chod\u00ed na v\u00fdlety a vede konverza\u010dn\u00ed klub pro cizince.  <\/p>\n\n<div class=\"wp-block-buttons is-layout-flex wp-block-buttons-is-layout-flex\">\n<div class=\"wp-block-button\"><a class=\"wp-block-button__link wp-element-button\" href=\"https:\/\/docs.google.com\/forms\/d\/e\/1FAIpQLSc-5DkwIUt8AH0gJ-oGcWu3Fwy3eMtg2BQhFGMuR5uFt1P4Fg\/viewform\" target=\"_blank\" rel=\"noreferrer noopener\">Registrace<\/a><\/div>\n<\/div>\n\n<p><\/p>\n","protected":false},"excerpt":{"rendered":"<p>Hlavn\u00edm c\u00edlem na\u0161eho v\u00fdletu bude exkurze do h\u0159eb\u010d\u00edna Kladruby nad Labem, v r\u00e1mci kter\u00e9ho se v\u00edce ne\u017e 400 let chovaj\u00ed starokladrub\u0161t\u00ed kon\u011b \u2013 nejstar\u0161\u00ed p\u016fvodn\u00ed \u010desk\u00e9 plemeno kon\u00ed, kter\u00e9 bylo z\u0159ejm\u011b jako jedin\u00e9 plemeno na sv\u011bt\u011b vy\u0161lecht\u011bno pro ta\u017een\u00ed ko\u010d\u00e1r\u016f c\u00edsa\u0159\u016f, kr\u00e1l\u016f a c\u00edrkvevn\u00edch hodnost\u00e1\u0159\u016f. Po ob\u011bd\u011b se projdeme kolem Opatovick\u00e9ho kan\u00e1lu a sezn\u00e1m\u00edme se s histori\u00ed tohoto st\u0159edov\u011bk\u00e9ho vodn\u00edho d\u00edla. <\/p>\n","protected":false},"featured_media":0,"template":"","meta":{"_acf_changed":false},"class_list":["post-5639","akce","type-akce","status-publish","hentry"],"acf":{"ikona":{"simple_value_formatted":"hiking","value_formatted":"hiking","value":"hiking","field":{"ID":343,"key":"field_686ca7a5714ec","label":"Ikona","name":"ikona","aria-label":"","prefix":"acf","type":"text","value":null,"menu_order":0,"instructions":"","required":1,"id":"","class":"","conditional_logic":0,"parent":342,"wrapper":{"width":"","class":"","id":""},"default_value":"interests","maxlength":"","allow_in_bindings":0,"placeholder":"","prepend":"","append":"","_name":"ikona","_valid":1}}},"mb":[],"mfb_rest_fields":["title"],"_links":{"self":[{"href":"https:\/\/icpraha.com\/ru\/wp-json\/wp\/v2\/akce\/5639","targetHints":{"allow":["GET"]}}],"collection":[{"href":"https:\/\/icpraha.com\/ru\/wp-json\/wp\/v2\/akce"}],"about":[{"href":"https:\/\/icpraha.com\/ru\/wp-json\/wp\/v2\/types\/akce"}],"wp:attachment":[{"href":"https:\/\/icpraha.com\/ru\/wp-json\/wp\/v2\/media?parent=5639"}],"curies":[{"name":"wp","href":"https:\/\/api.w.org\/{rel}","templated":true}]}}

Na výlet s ICP: Návštěva Národního hřebčína Kladruby nad Labem a výlet podél Opatovického kanálu

<p><em>Hlavním cílem našeho výletu bude exkurze do hřebčína Kladruby nad Labem, v rámci kterého se více než 400 let chovají starokladrubští koně – nejstarší původní české plemeno koní, které bylo zřejmě jako jediné plemeno na světě vyšlechtěno pro tažení kočárů císařů, králů a církvevních hodnostářů. Po obědě se projdeme kolem Opatovického kanálu a seznámíme se s historií tohoto středověkého vodního díla. </em></p>

<p><strong>Sraz: </strong>Praha, Hlavní nádraží před ČD Centrem (pokladny Českých drah) v 8:45 hod. Odjezd v 8:58 hod. rychlíkem R 18 směr Luhačovice, přestup ve stanici Kolín.  </p>

<p><strong>Trasa:</strong> Řečany nad Labem – Kladruby nad Labem – Semín – Písečný přesyp Semín – Semínský akvadukt – Slavíkovy ostrovy – Přelouč – cca 13 km</p>

<p><strong>Program:</strong> Prohlídka Národního hřebčína Kladruby od 11:00 hod.</p>

<p><strong>Oběd:</strong>Císařský hostinec cca od 13:15 hod.</p>

<p><strong>Návrat:</strong> Z Přelouče, odjezd rychlíkem v 17:09 hod. nebo 18:09 hod., příjezd Praha Hlavní nádraží v 18:08 hod. nebo 19:08 hod.</p>

<p><strong>Vstupné: </strong>Hřebčín Kladruby:</p>

<p>Dospělí &#8212; 450 Kč</p>

<p>Děti, studenti do 26 let a senioři nad 65 let &#8212; 300 Kč</p>

<p><strong>Jízdné: </strong></p>

<p>Cesta tam: Cestující s jednotlivou nebo předplatní jízdenkou pro Prahu si koupují PID jízdenku na 10 vnějších pásem za 120 Kč. Cestující bez jízdenky pro Prahu si kupují jízdenku na 3 pražská a 10 vnějších pásem, tj. na 13 pásem za 156 Kč.  </p>

<p>Cesta zpět: Bude třeba koupit stejné jízdné jako na cestu tam.</p>

<p><em>Upozornění: Zde uvedené ceny jízdného platí pro nákup jízdenky přes aplikaci PID Lítačka. Ceny jízdenky nakupované na pokladnách budou vyšší. </em></p>

<p><strong>S sebou: </strong>Turistické oblečení a obuv</p>

<p><strong>Výlet je vhodný pro děti od 8 let věku. Není vhodný pro osoby se zhoršenou schopností pohybu a orientace. </strong></p>

<p> Konverzace během výletu bude probíhat v češtině. Výlet je určený pro ty, kteří již mají pokročilou znalost češtiny a dokáží v češtině vést diskuze. </p>

<p>Výletem vás provede dobrovolník Milan Kasimír. Pochází z Prahy, zajímá ho téma integrace cizinců a rád diskutuje o české kultuře a předává své znalosti o životě v ČR. Ve volném čase rád chodí na výlety a vede konverzační klub pro cizince.  </p>

<div class="wp-block-buttons is-layout-flex wp-block-buttons-is-layout-flex">
<div class="wp-block-button"><a class="wp-block-button__link wp-element-button" href="https://docs.google.com/forms/d/e/1FAIpQLSc-5DkwIUt8AH0gJ-oGcWu3Fwy3eMtg2BQhFGMuR5uFt1P4Fg/viewform" target="_blank" rel="noreferrer noopener">Registrace</a></div>
</div>

<p></p>

<p>Hlavním cílem našeho výletu bude exkurze do hřebčína Kladruby nad Labem, v rámci kterého se více než 400 let chovají starokladrubští koně – nejstarší původní české plemeno koní, které bylo zřejmě jako jediné plemeno na světě vyšlechtěno pro tažení kočárů císařů, králů a církvevních hodnostářů. Po obědě se projdeme kolem Opatovického kanálu a seznámíme se s historií tohoto středověkého vodního díla. </p>
