{"id":5638,"date":"2026-03-26T17:33:00","date_gmt":"2026-03-26T16:33:00","guid":{"rendered":"https:\/\/icp.novama.cz\/akce\/%d0%b2%d0%b5%d0%b1%d0%b8%d0%bd%d0%b0%d1%80-%d0%bf%d0%be%d1%81%d1%82%d1%83%d0%bf%d0%bb%d0%b5%d0%bd%d0%b8%d0%b5-%d0%b2-%d1%81%d1%80%d0%b5%d0%b4%d0%bd%d1%8e%d1%8e-%d1%88"},"modified":"2026-04-28T11:41:35","modified_gmt":"2026-04-28T09:41:35","slug":"na-vylet-s-icp","status":"publish","type":"akce","link":"https:\/\/icpraha.com\/en\/akce\/na-vylet-s-icp","title":{"rendered":"Na v\u00fdlet s ICP: do labyrintu besednick\u00fdch skal a za v\u00fdhledy na Koz\u00e1kov"},"content":{"rendered":"\n<p><em>Tento v\u00fdlet n\u00e1s zavede na pomez\u00ed St\u0159edo\u010desk\u00e9ho a Libereck\u00e9ho kraje, do skal a kopc\u016f v Podkrkono\u0161\u00ed a Pojize\u0159\u00ed. Nav\u0161t\u00edv\u00edme nejd\u0159\u00edve skaln\u00ed m\u011bsto Besednick\u00e9 sk\u00e1ly, a po ob\u011bd\u011b se projdeme po \u010d\u00e1sti je\u0161t\u011bdsko-koz\u00e1kovsk\u00e9ho h\u0159betu. Dojdeme po n\u011bm a\u017e na vrch Koz\u00e1kov, kter\u00fd proslul jako nalezi\u0161t\u011b drahokam\u016f &#8211; \u010desk\u00fd gran\u00e1t. Cel\u00e1 druh\u00e1 polovina v\u00fdletu n\u00e1m p\u0159i dobr\u00e9m po\u010das\u00ed nab\u00eddne kr\u00e1sn\u00e9 dalek\u00e9 v\u00fdhledy na jih do \u010desk\u00e9 kotliny i na sever a v\u00fdchod na Krkono\u0161e, Jizersk\u00e9 hory, Lu\u017eick\u00e9 hory a Je\u0161t\u011bdsk\u00fd h\u0159bet.   <\/em><\/p>\n\n<p>\ud83d\udccd<strong>Sraz:<\/strong> Praha, Hlavn\u00ed n\u00e1dra\u017e\u00ed, p\u0159ed \u010cD Centrem (pokladny \u010cesk\u00fdch drah) v 8:10 hod. Odjezd sp\u011b\u0161n\u00fdm vlakem Jizera sm\u011br Turnov v 8:22 hod (mo\u017enost p\u0159istoupit v zast\u00e1vk\u00e1ch Praha- Vyso\u010dany, Neratovice, V\u0161etaty a Mlad\u00e1 Boleslav hl. n\u00e1dra\u017e\u00ed) <\/p>\n\n<p>\ud83c\udfd8\ufe0f<strong>Trasa:<\/strong> Mal\u00e1 Sk\u00e1la \u2013 Besednice &#8211; Ham\u0161tejn \u2013 Koz\u00e1kov \u2013 Semily (cca 17 km)<\/p>\n\n<p>\ud83c\udf7d\ufe0f<strong>Ob\u011bd:<\/strong> Restaurace a Penzion Ham\u0161tejn cca ve 13:30 hod.<\/p>\n\n<p>\ud83d\udd52<strong>N\u00e1vrat:<\/strong> Ze Semil autobusem s odjezdem v 17:55 hod. a p\u0159\u00edjezdem na stanici metra B \u010cern\u00fd Most v 19:45 hod., nebo v 18:32 hod. s p\u0159estupem v Ji\u010d\u00edn\u011b a p\u0159\u00edjezdem na stanici metra B \u010cern\u00fd Most ve 21:00 hod, nebo vlakem do stanice Praha, Hlavn\u00ed n\u00e1dra\u017e\u00ed ve 21:42 hod.<\/p>\n\n<p>\ud83d\udcb5<strong>J\u00edzdn\u00e9:<\/strong><br\/>\u27a1\ufe0f<strong>Cesta tam:<\/strong> Cestuj\u00edc\u00ed s j\u00edzdenkou nebo \u010dasov\u00fdm p\u0159edplatn\u00edm kuponem pro Prahu si kupuj\u00ed celodenn\u00ed PID j\u00edzdenku na 24 hod. pro 13 p\u00e1sem za 168 K\u010d s nastaven\u00fdm datem odjezdu v 8:22 hod. v dan\u00fd den. Cestuj\u00edc\u00ed bez j\u00edzdenky pro Prahu si kupuj\u00ed celodenn\u00ed PID j\u00edzdenku na 24 hod. za 288 K\u010d op\u011bt s odjezdem v 8:22 hod. v dan\u00fd den. Tyto j\u00edzdenky V\u00e1m pokryj\u00ed cestov\u00e1n\u00ed v PID p\u00e1smech Prahy a St\u0159edo\u010desk\u00e9ho kraje. Pro \u00fasek Turnov \u2013 Mal\u00e1 Sk\u00e1la bude t\u0159eba p\u0159i cest\u011b tam k t\u011bmto z\u00e1kladn\u00edm j\u00edzdenk\u00e1m p\u0159ikoupit jednor\u00e1zovou j\u00edzdenku dopravce Arriva pro dan\u00fd \u00fasek v cen\u011b 27 K\u010d (p\u0159i koupi j\u00edzdenky p\u0159es aplikaci Arriva nebo v Turnov\u011b na pokladn\u011b) respektive 32 K\u010d p\u0159i koupi u pr\u016fvod\u010d\u00edho ve vlaku.       <\/p>\n\n<p>\u2b05\ufe0f<strong>Cesta zp\u011bt:<\/strong> Pro cestu zp\u011bt pak jednor\u00e1zov\u00e9 j\u00edzdenky pro \u00faseky Semily \u2013 Turnov, resp. Semily \u2013 Ji\u010d\u00edn v hodnot\u011b 56 K\u010d resp. 62 K\u010d v tarifu Libereck\u00e9ho kraje (IDOL).  <\/p>\n\n<p><em>Upozorn\u011bn\u00ed: Zde uveden\u00e9 ceny j\u00edzdn\u00e9ho plat\u00ed pro n\u00e1kup j\u00edzdenky p\u0159es aplikaci PID L\u00edta\u010dka. Ceny j\u00edzdenky nakupovan\u00e9 na pokladn\u00e1ch budou vy\u0161\u0161\u00ed. <\/em><\/p>\n\n<p>\ud83c\udf92<strong>S sebou: <\/strong>Turistick\u00e9 oble\u010den\u00ed a obuv<\/p>\n\n<p>\ud83d\udc68\u200d\ud83d\udc69\u200d\ud83d\udc66\u200d\ud83d\udc66<strong>V\u00fdlet je vhodn\u00fd pro d\u011bti od 8 let v\u011bku. Nen\u00ed vhodn\u00fd pro osoby se zhor\u0161enou schopnost\u00ed pohybu a orientace.<\/strong><\/p>\n\n<p><strong>\ud83c\udde8\ud83c\uddff<\/strong> Konverzace b\u011bhem v\u00fdletu bude prob\u00edhat v \u010de\u0161tin\u011b. V\u00fdlet je ur\u010den\u00fd pro ty, kte\u0159\u00ed ji\u017e maj\u00ed pokro\u010dilou znalost \u010de\u0161tiny a dok\u00e1\u017e\u00ed v \u010de\u0161tin\u011b v\u00e9st diskuze. <\/p>\n\n<p>\ud83d\udc68V\u00fdletem v\u00e1s provede dobrovoln\u00edk Milan Kasim\u00edr. Poch\u00e1z\u00ed z Prahy, zaj\u00edm\u00e1 ho t\u00e9ma integrace cizinc\u016f a r\u00e1d diskutuje o \u010desk\u00e9 kultu\u0159e a p\u0159ed\u00e1v\u00e1 sv\u00e9 znalosti o \u017eivot\u011b v \u010cR. Ve voln\u00e9m \u010dase r\u00e1d chod\u00ed na v\u00fdlety a vede konverza\u010dn\u00ed klub pro cizince.  <\/p>\n\n<div class=\"wp-block-buttons is-layout-flex wp-block-buttons-is-layout-flex\">\n<div class=\"wp-block-button\"><a class=\"wp-block-button__link wp-element-button\" href=\"https:\/\/docs.google.com\/forms\/d\/e\/1FAIpQLSdxkFvJCopRBTSwZ_HqJkJNzQY67Xx69l__WoAdYsAf4aMpIg\/viewform\" target=\"_blank\" rel=\"noreferrer noopener\">Registrace<\/a><\/div>\n<\/div>\n\n<p><\/p>\n","protected":false},"excerpt":{"rendered":"<p>Tento v\u00fdlet n\u00e1s zavede na pomez\u00ed St\u0159edo\u010desk\u00e9ho a Libereck\u00e9ho kraje, do skal a kopc\u016f v Podkrkono\u0161\u00ed a Pojize\u0159\u00ed. Nav\u0161t\u00edv\u00edme nejd\u0159\u00edve skaln\u00ed m\u011bsto Besednick\u00e9 sk\u00e1ly, a po ob\u011bd\u011b se projdeme po \u010d\u00e1sti je\u0161t\u011bdsko-koz\u00e1kovsk\u00e9ho h\u0159betu. Dojdeme po n\u011bm a\u017e na vrch Koz\u00e1kov, kter\u00fd proslul jako nalezi\u0161t\u011b drahokam\u016f &#8211; \u010desk\u00fd gran\u00e1t. Cel\u00e1 druh\u00e1 polovina v\u00fdletu n\u00e1m p\u0159i dobr\u00e9m po\u010das\u00ed nab\u00eddne kr\u00e1sn\u00e9 dalek\u00e9 v\u00fdhledy na jih do \u010desk\u00e9 kotliny i na sever a v\u00fdchod na Krkono\u0161e, Jizersk\u00e9 hory, Lu\u017eick\u00e9 hory a Je\u0161t\u011bdsk\u00fd h\u0159bet.   <\/p>\n","protected":false},"featured_media":0,"template":"","meta":{"_acf_changed":true},"class_list":["post-5638","akce","type-akce","status-publish","hentry"],"acf":{"ikona":{"simple_value_formatted":"hiking","value_formatted":"hiking","value":"hiking","field":{"ID":343,"key":"field_686ca7a5714ec","label":"Ikona","name":"ikona","aria-label":"","prefix":"acf","type":"text","value":null,"menu_order":0,"instructions":"","required":1,"id":"","class":"","conditional_logic":0,"parent":342,"wrapper":{"width":"","class":"","id":""},"default_value":"interests","maxlength":"","allow_in_bindings":0,"placeholder":"","prepend":"","append":"","_name":"ikona","_valid":1}}},"mb":[],"mfb_rest_fields":["title"],"_links":{"self":[{"href":"https:\/\/icpraha.com\/en\/wp-json\/wp\/v2\/akce\/5638","targetHints":{"allow":["GET"]}}],"collection":[{"href":"https:\/\/icpraha.com\/en\/wp-json\/wp\/v2\/akce"}],"about":[{"href":"https:\/\/icpraha.com\/en\/wp-json\/wp\/v2\/types\/akce"}],"wp:attachment":[{"href":"https:\/\/icpraha.com\/en\/wp-json\/wp\/v2\/media?parent=5638"}],"curies":[{"name":"wp","href":"https:\/\/api.w.org\/{rel}","templated":true}]}}

Na výlet s ICP: do labyrintu besednických skal a za výhledy na Kozákov

<p><em>Tento výlet nás zavede na pomezí Středočeského a Libereckého kraje, do skal a kopců v Podkrkonoší a Pojizeří. Navštívíme nejdříve skalní město Besednické skály, a po obědě se projdeme po části ještědsko-kozákovského hřbetu. Dojdeme po něm až na vrch Kozákov, který proslul jako naleziště drahokamů &#8211; český granát. Celá druhá polovina výletu nám při dobrém počasí nabídne krásné daleké výhledy na jih do české kotliny i na sever a východ na Krkonoše, Jizerské hory, Lužické hory a Ještědský hřbet.   </em></p>

<p>📍<strong>Sraz:</strong> Praha, Hlavní nádraží, před ČD Centrem (pokladny Českých drah) v 8:10 hod. Odjezd spěšným vlakem Jizera směr Turnov v 8:22 hod (možnost přistoupit v zastávkách Praha- Vysočany, Neratovice, Všetaty a Mladá Boleslav hl. nádraží) </p>

<p>🏘️<strong>Trasa:</strong> Malá Skála – Besednice &#8211; Hamštejn – Kozákov – Semily (cca 17 km)</p>

<p>🍽️<strong>Oběd:</strong> Restaurace a Penzion Hamštejn cca ve 13:30 hod.</p>

<p>🕒<strong>Návrat:</strong> Ze Semil autobusem s odjezdem v 17:55 hod. a příjezdem na stanici metra B Černý Most v 19:45 hod., nebo v 18:32 hod. s přestupem v Jičíně a příjezdem na stanici metra B Černý Most ve 21:00 hod, nebo vlakem do stanice Praha, Hlavní nádraží ve 21:42 hod.</p>

<p>💵<strong>Jízdné:</strong><br/>➡️<strong>Cesta tam:</strong> Cestující s jízdenkou nebo časovým předplatním kuponem pro Prahu si kupují celodenní PID jízdenku na 24 hod. pro 13 pásem za 168 Kč s nastaveným datem odjezdu v 8:22 hod. v daný den. Cestující bez jízdenky pro Prahu si kupují celodenní PID jízdenku na 24 hod. za 288 Kč opět s odjezdem v 8:22 hod. v daný den. Tyto jízdenky Vám pokryjí cestování v PID pásmech Prahy a Středočeského kraje. Pro úsek Turnov – Malá Skála bude třeba při cestě tam k těmto základním jízdenkám přikoupit jednorázovou jízdenku dopravce Arriva pro daný úsek v ceně 27 Kč (při koupi jízdenky přes aplikaci Arriva nebo v Turnově na pokladně) respektive 32 Kč při koupi u průvodčího ve vlaku.       </p>

<p>⬅️<strong>Cesta zpět:</strong> Pro cestu zpět pak jednorázové jízdenky pro úseky Semily – Turnov, resp. Semily – Jičín v hodnotě 56 Kč resp. 62 Kč v tarifu Libereckého kraje (IDOL).  </p>

<p><em>Upozornění: Zde uvedené ceny jízdného platí pro nákup jízdenky přes aplikaci PID Lítačka. Ceny jízdenky nakupované na pokladnách budou vyšší. </em></p>

<p>🎒<strong>S sebou: </strong>Turistické oblečení a obuv</p>

<p>👨‍👩‍👦‍👦<strong>Výlet je vhodný pro děti od 8 let věku. Není vhodný pro osoby se zhoršenou schopností pohybu a orientace.</strong></p>

<p><strong>🇨🇿</strong> Konverzace během výletu bude probíhat v češtině. Výlet je určený pro ty, kteří již mají pokročilou znalost češtiny a dokáží v češtině vést diskuze. </p>

<p>👨Výletem vás provede dobrovolník Milan Kasimír. Pochází z Prahy, zajímá ho téma integrace cizinců a rád diskutuje o české kultuře a předává své znalosti o životě v ČR. Ve volném čase rád chodí na výlety a vede konverzační klub pro cizince.  </p>

<div class="wp-block-buttons is-layout-flex wp-block-buttons-is-layout-flex">
<div class="wp-block-button"><a class="wp-block-button__link wp-element-button" href="https://docs.google.com/forms/d/e/1FAIpQLSdxkFvJCopRBTSwZ_HqJkJNzQY67Xx69l__WoAdYsAf4aMpIg/viewform" target="_blank" rel="noreferrer noopener">Registrace</a></div>
</div>

<p></p>

<p>Tento výlet nás zavede na pomezí Středočeského a Libereckého kraje, do skal a kopců v Podkrkonoší a Pojizeří. Navštívíme nejdříve skalní město Besednické skály, a po obědě se projdeme po části ještědsko-kozákovského hřbetu. Dojdeme po něm až na vrch Kozákov, který proslul jako naleziště drahokamů &#8211; český granát. Celá druhá polovina výletu nám při dobrém počasí nabídne krásné daleké výhledy na jih do české kotliny i na sever a východ na Krkonoše, Jizerské hory, Lužické hory a Ještědský hřbet.   </p>
